{"id":3092,"date":"2025-05-08T15:43:01","date_gmt":"2025-05-08T13:43:01","guid":{"rendered":"https:\/\/awale-festival.com\/?page_id=3092"},"modified":"2025-08-14T10:01:45","modified_gmt":"2025-08-14T08:01:45","slug":"programme-awale","status":"publish","type":"page","link":"https:\/\/awale-festival.com\/index.php\/programme-awale\/","title":{"rendered":"Programme"},"content":{"rendered":"<div class=\"wpb-content-wrapper\"><p>[vc_row][vc_column]<div class=\"edgtf-elements-holder   edgtf-one-column  edgtf-responsive-mode-768 \" ><div class=\"edgtf-eh-item     \"  data-item-class=\"edgtf-eh-custom-7299\" data-769-1024=\"60px 60px 0px\" data-681-768=\"60px 60px 0px\" data-680=\"30px 38px 0px\">\n\t<div class=\"edgtf-eh-item-inner\">\n\t\t<div class=\"edgtf-eh-item-content edgtf-eh-custom-7299\" style=\"padding: 0px 70px 0px\">\n\t\t\t[vc_single_image image=&#8221;3075&#8243; img_size=&#8221;full&#8221; css=&#8221;&#8221;]\t\t<\/div>\n\t<\/div>\n<\/div><\/div>[\/vc_column][\/vc_row][vc_row row_content_width=&#8221;grid&#8221; css=&#8221;.vc_custom_1547481087568{padding-top: 148px !important;}&#8221;][vc_column]<div class=\"edgtf-elements-holder   edgtf-one-column  edgtf-responsive-mode-768 \" ><div class=\"edgtf-eh-item     \"  data-item-class=\"edgtf-eh-custom-4339\">\n\t<div class=\"edgtf-eh-item-inner\">\n\t\t<div class=\"edgtf-eh-item-content edgtf-eh-custom-4339\" style=\"padding: 0px 0px\">\n\t\t\t<div class=\"edgtf-section-title-holder  edgtf-st-standard edgtf-st-title-left edgtf-st-normal-space \" >\n\t<div class=\"edgtf-st-inner\">\n\t\t\t\t\t<h2 class=\"edgtf-st-title\" >\n\t\t\t\tProgramme\t\t\t<\/h2>\n\t\t\t\t\t<\/div>\n<\/div>[vc_empty_space][vc_column_text css=&#8221;&#8221;]Le festival se d\u00e9roulera du 27 au 29 novembre 2025, sur la place publique du village de GNALIEPA, dans la commune de OURAGAHIO. Les articulations du programme de la premi\u00e8re \u00e9dition de \u201cAWALE FESTIVAL\u2019\u2019 sont les suivantes :<\/p>\n<p>&#8211; Une foire commerciale et gastronomique (avec exposition de<br \/>\nproduits agricoles)<br \/>\n&#8211; Un concours culinaire<br \/>\n&#8211; Un concours de chants traditionnels<br \/>\n&#8211; Un concours de danses traditionnelles<br \/>\n&#8211; Un concours de contes<br \/>\n&#8211; Un s\u00e9minaire d\u00e9di\u00e9 aux mutuelles de d\u00e9veloppement<br \/>\n&#8211; Un atelier de formation d\u00e9di\u00e9 \u00e0 la jeunesse<br \/>\n&#8211; Un gala de distinction et de bienfaisance[\/vc_column_text]\t\t<\/div>\n\t<\/div>\n<\/div><\/div>[\/vc_column][\/vc_row][vc_row content_placement=&#8221;top&#8221; row_content_width=&#8221;grid&#8221; css=&#8221;.vc_custom_1545926961944{padding-top: 32px !important;padding-bottom: 153px !important;}&#8221;][vc_column]<div class=\"edgtf-elements-holder   edgtf-three-columns  edgtf-responsive-mode-1024 \" ><div class=\"edgtf-eh-item  edgtf-vertical-alignment-top   \"  data-item-class=\"edgtf-eh-custom-1371\" data-1025-1366=\"0px 35px 0px 0px\" data-769-1024=\"0px 0px 30px\" data-681-768=\"0px 0px 30px\" data-680=\"0px 0px 30px\">\n\t<div class=\"edgtf-eh-item-inner\">\n\t\t<div class=\"edgtf-eh-item-content edgtf-eh-custom-1371\" style=\"padding: 0px 50px 0px 0px\">\n\t\t\t[vc_column_text css=&#8221;&#8221;]<\/p>\n<h6>27\/11<\/h6>\n<p>[\/vc_column_text][vc_column_text css=&#8221;&#8221;]<\/p>\n<ul>\n<li>10H00 : C\u00e9r\u00e9monie d\u2019ouverture<\/li>\n<li>14H00 : Ouverture de l\u2019atelier<\/li>\n<li>18H00 : Animation au village du festival<\/li>\n<li>02H00 : Fin animation<\/li>\n<\/ul>\n<p>[\/vc_column_text]\t\t<\/div>\n\t<\/div>\n<\/div><div class=\"edgtf-eh-item  edgtf-vertical-alignment-top   \"  data-item-class=\"edgtf-eh-custom-6568\" data-1025-1366=\"0px 0px 0px 35px\" data-769-1024=\"0px 0px 30px\" data-681-768=\"0px 0px 30px\" data-680=\"0px 0px 30px\">\n\t<div class=\"edgtf-eh-item-inner\">\n\t\t<div class=\"edgtf-eh-item-content edgtf-eh-custom-6568\" style=\"padding: 0px 0px 0px 50px\">\n\t\t\t[vc_column_text css=&#8221;&#8221;]<\/p>\n<h6>28\/11<\/h6>\n<p>[\/vc_column_text][vc_column_text css=&#8221;&#8221;]<\/p>\n<ul>\n<li>08H00 : Suite et fin de l\u2019atelier<\/li>\n<li>15H00 : S\u00e9minaire<\/li>\n<li>18H00 : Animation au village du festival<\/li>\n<\/ul>\n<p>[\/vc_column_text]\t\t<\/div>\n\t<\/div>\n<\/div><div class=\"edgtf-eh-item  edgtf-vertical-alignment-top   \"  data-item-class=\"edgtf-eh-custom-1173\" data-1025-1366=\"0px 0px 0px 70px\" data-769-1024=\"0px\" data-681-768=\"0px\" data-680=\"0px\">\n\t<div class=\"edgtf-eh-item-inner\">\n\t\t<div class=\"edgtf-eh-item-content edgtf-eh-custom-1173\" style=\"padding: 0px 0px 0px 100px\">\n\t\t\t[vc_column_text css=&#8221;&#8221;]<\/p>\n<h6>29\/11<\/h6>\n<p>[\/vc_column_text][vc_column_text css=&#8221;&#8221;]<\/p>\n<ul>\n<li>09H00 : Visite touristique<\/li>\n<li>15H00 : C\u00e9r\u00e9monie de cl\u00f4ture (Parade des groupes constitu\u00e9s (communaut\u00e9s autochtones, communaut\u00e9s allog\u00e8nes, associations de femmes, associations de jeunes, commer\u00e7ants, agriculteurs, etc. Visite de stands).<\/li>\n<li>Allocutions de cl\u00f4ture<\/li>\n<li>20H00 : Gala de distinction<\/li>\n<\/ul>\n<p>[\/vc_column_text]\t\t<\/div>\n\t<\/div>\n<\/div><\/div>[\/vc_column][\/vc_row]<\/p>\n<\/div>","protected":false},"excerpt":{"rendered":"<p>[vc_row][vc_column][\/vc_column][\/vc_row][vc_row row_content_width=&#8221;grid&#8221; css=&#8221;.vc_custom_1547481087568{padding-top: 148px !important;}&#8221;][vc_column][\/vc_column][\/vc_row][vc_row content_placement=&#8221;top&#8221; row_content_width=&#8221;grid&#8221; css=&#8221;.vc_custom_1545926961944{padding-top: 32px !important;padding-bottom: 153px !important;}&#8221;][vc_column][\/vc_column][\/vc_row]<\/p>\n","protected":false},"author":1,"featured_media":0,"parent":0,"menu_order":0,"comment_status":"closed","ping_status":"closed","template":"full-width.php","meta":{"footnotes":""},"class_list":["post-3092","page","type-page","status-publish","hentry"],"_links":{"self":[{"href":"https:\/\/awale-festival.com\/index.php\/wp-json\/wp\/v2\/pages\/3092","targetHints":{"allow":["GET"]}}],"collection":[{"href":"https:\/\/awale-festival.com\/index.php\/wp-json\/wp\/v2\/pages"}],"about":[{"href":"https:\/\/awale-festival.com\/index.php\/wp-json\/wp\/v2\/types\/page"}],"author":[{"embeddable":true,"href":"https:\/\/awale-festival.com\/index.php\/wp-json\/wp\/v2\/users\/1"}],"replies":[{"embeddable":true,"href":"https:\/\/awale-festival.com\/index.php\/wp-json\/wp\/v2\/comments?post=3092"}],"version-history":[{"count":5,"href":"https:\/\/awale-festival.com\/index.php\/wp-json\/wp\/v2\/pages\/3092\/revisions"}],"predecessor-version":[{"id":3110,"href":"https:\/\/awale-festival.com\/index.php\/wp-json\/wp\/v2\/pages\/3092\/revisions\/3110"}],"wp:attachment":[{"href":"https:\/\/awale-festival.com\/index.php\/wp-json\/wp\/v2\/media?parent=3092"}],"curies":[{"name":"wp","href":"https:\/\/api.w.org\/{rel}","templated":true}]}}